*c - 18 = 6. Suppose -m + c = -o, -2*o - 3 = 3. What is the units digit of m?
9
Suppose -u = 5*u - 24. Suppose 2*b + 114 = u*b. What is the units digit of b?
7
Let k = -332 - -550. What is the tens digit of k?
1
Suppose 5*c - 310 - 95 = 0. What is the tens digit of c?
8
Let h be ((-15)/(-10))/(2/4). Suppose 2*f = -4*s + h*f + 19, -2*s - 5*f = 7. What is the units digit of s?
4
Let w be (111/4)/((-7)/(-28)). Suppose 0 = -s - 2*s + w. What is the units digit of s?
7
Let k(x) = 4*x - 4. Suppose 0*n = -n - 10. Let m be (-34)/n + (-8)/20. What is the units digit of k(m)?
8
Let r = 34 - 4. Let m be (3/(-2))/((-3)/8). Suppose -m*n = -6*n + r. What is the units digit of n?
5
Let h = -99 + 171. Suppose r - 3*r = -h. What is the tens digit of r?
3
Let z = 8 - 2. What is the units digit of (-3 - (-44)/z)*3?
3
Let n(c) = 0*c**2 + 2*c**2 - 6*c + 20*c - 14 - 3*c**2. What is the tens digit of n(10)?
2
Let d(t) = t**3 + 4*t**2 - t - 3. Let a be d(-4). Let s be 6*a/(-2) - -3. Suppose -23 = -2*c + 3*r, -2*c + c - 5*r - 8 = s. What is the units digit of c?
7
What is the units digit of ((0 + 1)*-39)/(-1)?
9
Suppose -c + 61 = -g, 0 = c - 5*g - 33 - 32. Suppose x - c = -4*x. What is the tens digit of x?
1
Let u = 8 + -3. Suppose -u*f + 4*i = -9, 0*f + 5*i = -f + 25. What is the units digit of (-10)/(2 - (f + -1))?
5
Let g(s) be the third derivative of s**4/6 + s**3/3 + s**2. What is the units digit of g(2)?
0
Let i be (-309)/(-21) + 4/14. What is the units digit of 189/i - (-4)/10?
3
Suppose -1 = -m - 7. Let f = m - -9. What is the units digit of f?
3
Let l be (-400)/(-22) + (-10)/55. Suppose h - 4*r + 1 = l, r + 3 = 0. What is the units digit of h?
5
Suppose -j + 450 = 3*w - 143, 0 = j + 4. What is the units digit of w?
9
Let p = 2 - -72. What is the tens digit of p?
7
Suppose 0 = -3*z + 43 - 16. Suppose 0*c - z = -3*c. What is the units digit of c?
3
Suppose 47 = 5*u - 188. What is the units digit of u?
7
Let a = 16 + -4. What is the units digit of 3/12 - (-105)/a?
9
Let x = 1 + -3. What is the units digit of 1*(1 + x) + 4?
3
Let n(q) = 17*q**2 - 3*q + 2. Let i(o) = -o**3 - 7*o**2 - 6*o + 1. Let x be i(-6). What is the tens digit of n(x)?
1
Let h = -126 - -461. What is the hundreds digit of h?
3
Suppose 0 = -4*k - 5*c - 5, 3*k - 7 = 3*c + 23. Let z(u) = 9*u - 2*u**2 - 7 - 2*u**2 + 3*u**2. What is the tens digit of z(k)?
1
Let r(v) = -3*v - 5. Let l(x) = -x**2 + x - 2. Let p be l(3). What is the units digit of r(p)?
9
Let r(f) = f**2 - f + 66. Let n be r(0). What is the units digit of (n/8)/((-6)/(-16))?
2
Suppose -6*j + 233 + 625 = 0. What is the hundreds digit of j?
1
Suppose -5*h + 6 - 31 = 0, -3*p - 25 = 5*h. Suppose 0*j - 2*j - 4*f = -10, p = -j + f + 2. Suppose -t + j = -5. What is the units digit of t?
8
Let w(t) = t**2 - 4*t - 8. Suppose 0 = -3*u - 1 + 25. Suppose -31 = 3*c - u*c - n, 3*c = 3*n + 15. What is the units digit of w(c)?
4
Suppose -5*r = -4*d - 172 - 524, -2*d + 128 = r. What is the tens digit of r?
3
Let b = 42 - 31. What is the units digit of b?
1
Let u(n) = 3*n - 4*n + 12 + 0*n - 2. What is the units digit of u(-8)?
8
Let q(x) = 2*x + 10. Let n be q(-11). Let c be 1/(-3) - (-68)/n. Let s(o) = -o**3 - 5*o**2 + 4*o - 5. What is the units digit of s(c)?
7
Let p(q) = -4*q**2 + 12*q + 8. Let x be (-4 - 3) + 0 + 1. Let s(a) = -5*a**2 + 13*a + 9. Let n(r) = x*p(r) + 5*s(r). What is the units digit of n(-6)?
3
Suppose -5*z = -4*c - 11, 0 = -2*c + z - 3 + 2. What is the units digit of c/3 + 1264/24?
3
Let a(y) = -4*y**3 + 2*y - 1. Let l be a(2). Let i = l + 60. What is the units digit of i?
1
Suppose 4*s - 13 + 1 = -4*r, -4*r + 12 = 0. Suppose -3*a + 8*a - 145 = s. What is the units digit of a?
9
Let r be (-56)/16 - 2/(-4). Let w(d) = -d**3 - 2*d**2 - 3*d + 4. What is the units digit of w(r)?
2
What is the units digit of 4 - (-68)/(-20) - (-132)/5?
7
Let z = -93 + 171. What is the tens digit of z?
7
Suppose 0 = -0*s + 5*s - 15. Suppose 3*z = -t + 17, s*t - 2*t = -z + 3. What is the units digit of z?
7
Let f = -105 + 107. Suppose -d - 2 = -8. Suppose -f*i = -0*i - d. What is the units digit of i?
3
Let w = 15 + -9. Suppose q - 4*b - 4 - 2 = 0, -2*q - 3*b = -12. Suppose -4*f + q*f = w. What is the units digit of f?
3
Let r(a) = a**2 + a - 5. Let b be r(4). Suppose b = 2*m - 19. What is the tens digit of m?
1
Let h = -20 + -3. Let r = -14 - h. What is the units digit of r?
9
Let o(c) = c + 7. Let q be o(-3). Suppose z = 3*u - 20, -u + q*z = 2*z. What is the units digit of u?
8
Suppose 3 - 12 = -3*x. Suppose 0 = -4*m - 2*z + 62, 4*m - x*m - 5*z = -1. What is the tens digit of m?
1
Let l be (-10)/(-70) - (-27)/7. What is the tens digit of 110/l + (-1)/(-2)?
2
What is the hundreds digit of (5 + -3 + -5)*444/(-9)?
1
Let q = 202 - 98. Suppose -a - 3*a + q = 0. What is the tens digit of a?
2
Suppose 7*d + 138 - 1412 = 0. What is the hundreds digit of d?
1
Let o(p) = 159*p - 11 + 3 - 156*p. Suppose 8 = -2*l + 5*b, 3*b = -1 + 13. What is the units digit of o(l)?
0
Suppose -k + 3*k = 16. What is the units digit of 38/k - (-2)/8?
5
Suppose 0 = 3*s + 2*s. Let j = 2 - s. Let c = j + 2. What is the units digit of c?
4
Suppose 4*d = 3*h + 315, -4*h - 14 = -d + 81. What is the units digit of d?
5
Suppose -5*k - 1 = 3*u, u + 2*k = -0*u - 1. Suppose -3*b + y - 5 = 0, 2*b + u = -0*b + y. Let f(x) = x**2 + 1. What is the units digit of f(b)?
5
Let t(j) = -j**3 - 1. Let f(s) = s**3 - s. Let b(w) = -f(w) - 2*t(w). Let y be b(0). Suppose 2*p + y = 4*p. What is the units digit of p?
1
Suppose 12 = 4*h - h, -2*q + 192 = 4*h. What is the units digit of q?
8
What is the units digit of (-2)/10 + 252/10 + -1?
4
Let k(j) = j**3 - j**2 - 7*j + 8. Let w = 19 - 15. What is the units digit of k(w)?
8
Suppose -2*t = -t + l - 6, 5*l - 24 = -2*t. Suppose -5 = -3*z + 2*u + 9, -3*u - 8 = t*z. What is the units digit of z?
2
Suppose -2*z - 6 = 2*x, -3*z + 9 = -4*x + x. Let r be z/1*(-2)/4. Suppose -5*v + r*v + 25 = 0. What is the units digit of v?
5
Let x = -11 + 6. Let t = 7 + x. Suppose 13 = t*g + 5*v, 3*g + 5*v = 4*g - 14. What is the units digit of g?
9
Let w be 32/5 + 6/(-15). Let b = 8 - w. Suppose -b*y - 5*s + 17 = 0, 3*y = 7*s - 2*s + 38. What is the units digit of y?
1
Suppose x = 5*u - 601 - 214, 4*u = -x + 643. What is the units digit of u?
2
Let c = 121 + -80. What is the units digit of c?
1
Let t(c) = -c**2 + 28*c - 46. What is the tens digit of t(23)?
6
What is the hundreds digit of (-604)/(-6)*9/6?
1
Let o(v) = -v**3 - v**2 - v + 3. Let d(b) = 7*b**3 - 1. Let y be d(-1). Let k be (-2)/5 + y/(-20). What is the units digit of o(k)?
3
Let h = 347 - 214. What is the units digit of h?
3
Let g(u) = 8 - u**2 + 7*u + 0 + 2*u**2. Let p be g(-6). Suppose 0*f - 2*f - p*q + 10 = 0, -3*q - 20 = -4*f. What is the units digit of f?
5
Let j be (-1)/(-4) - (-2)/(-8). Suppose 2*y + 3*c - 55 = j, y + 4*c - 5 = 7*c. What is the tens digit of y?
2
What is the units digit of 2/7 + 206/14?
5
Let z = -11 + 70. Suppose -2*g = 8, g - z = -5*i - 3*g. What is the units digit of i?
5
Suppose -5*f - 3*g - 9 = 8, 0 = 3*f + g + 7. Let w = 1 + f. Suppose -x - 4*p = -7, 2*p + w - 5 = -x. What is the units digit of x?
3
Let u = 18 - 28. What is the tens digit of u/(7/((-105)/6))?
2
Let y(u) = 5*u**2 + 4*u - 2. What is the units digit of y(3)?
5
Let k(j) = -2*j**3 - 2*j**2 + j - 2. Let b be k(-2). Suppose d - 8 = -b*r - 3*d, 4*d - 3 = r. What is the units digit of r/((21/30)/7)?
0
Let w(m) = -m - 4. Let o be w(-5). What is the units digit of ((-2)/2 + 3)/o?
2
Suppose -12*d = -8*d - 188. What is the tens digit of d?
4
Let u be 23/7 - 2/7. Suppose 4*y = f + u*f + 156, 4*f - 66 = -2*y. What is the units digit of y?
7
Let a = -13 - -6. Let o(y) = -3*y - 1. Let r be o(a). Suppose 0 = -k - k + r. What is the units digit of k?
0
Let c = -16 + 9. Let h(u) = -u**3 - 8*u**2 - 9*u + 8. What is the units digit of h(c)?
2
Suppose 42*v - 39*v = 396. What is the tens digit of v?
3
Suppose k - 28 = -5*h, -3*k + 5*k + 34 = 5*h. What is the units digit of h?
6
Let z = 13 + 55. What is the tens digit of z?
6
Suppose 5*g + 0*n + 2*n - 268 = 0, -2*n = 3*g - 160. What is the tens digit of g?
5
Let x = -155 + 272. What is the hundreds digit of x?
1
Suppose 5*l = 2*q + 46, 4*l = -q - 10 + 52. Suppose 5*d + 2*k + l = 0, 0*d = d - 4